ose 9 = 34*g - 31*g. Suppose 11 = p + g*w - 5, 5*w - 64 = -4*p. Calculate the highest common divisor of 144 and p.
16
Suppose -4 = -3*u + 23. Let k be (1/(-2))/(2/12). Let j be 1*(u/k - -14). Calculate the highest common divisor of 99 and j.
11
Let k(n) = 3*n + 15. Let v be k(-3). What is the greatest common factor of v and 18?
6
Suppose -2*b = j - 1683, 2*b = 5*j + 1233 + 432. What is the greatest common divisor of 90 and b?
30
Let p(z) be the second derivative of 11*z**3/6 - 3*z**2 + z. Let f be p(6). Let j be (8/(-3) - 39/117) + 27. What is the greatest common factor of j and f?
12
Let x(h) = -h**2 - 6*h + 10. Let j be x(-7). What is the greatest common divisor of j and 12?
3
Let h be (4/(-12))/(2/(-6)). Let c = 108 + -104. Calculate the highest common divisor of c and h.
1
Let l be 6*6*(4 - 66/18). Let h(p) = p**3 + 11*p**2 - 5*p - 7. Let u be h(-11). What is the highest common divisor of u and l?
12
Let r be 10 - -3 - 1 - (-4)/2. Suppose 0 = -g + 5*o + 39, -3*o + 27 = g + 2*g. Calculate the highest common divisor of r and g.
14
Let l = 8 + -3. Let q(m) = m**2 - 2*m + 7. Let d be q(8). Calculate the highest common factor of l and d.
5
Let y = 661 - 605. Suppose -3*x - h - 1 = -128, -2*x + 83 = -h. Calculate the highest common factor of x and y.
14
Let j be 20/(-3)*-1*(-120)/(-100). Calculate the highest common divisor of 104 and j.
8
Let t be 67/201 - 206/(-3)*1. What is the highest common factor of 253 and t?
23
Let z be (-4 - -3) + 3 + -8. Let w(r) = r**3 + 6*r**2 - r + 1. Let x be w(z). Calculate the highest common divisor of 28 and x.
7
Let h be (20 - -277)*6/18. What is the highest common factor of h and 1683?
99
Suppose 0 = -51*j + 79*j - 7560. Calculate the greatest common factor of 144 and j.
18
Suppose -11*x - 4 = -15*x, 4*n - 95 = -3*x. Suppose -5*r + 900 = -135. Calculate the greatest common factor of r and n.
23
Let k be 352*(-2)/(-4)*2. Calculate the highest common factor of k and 11.
11
Suppose 5*o - 3*h - h - 238 = 0, 3*o = -2*h + 156. Suppose -2*p - p = 18. Let t be (4/p)/((-3)/45). What is the greatest common divisor of t and o?
10
Let o be ((-10)/(-6))/((-1)/(-3)). Suppose o*h + 0 - 65 = 0. Let v = -9 + h. What is the highest common divisor of 20 and v?
4
Let l(c) = c**3 + 18*c**2 + 13*c - 14. Let s be -3 + 3/((-6)/28). Let k be l(s). What is the greatest common factor of k and 18?
18
Let w = 233 + -217. Calculate the highest common divisor of 1376 and w.
16
Suppose 2313 = 14*i + 591. Calculate the greatest common factor of i and 656.
41
Let m(j) = j**2 + 1. Let h(i) = -4*i**2 + 6*i - 6. Let l(s) = -h(s) - 2*m(s). Let v be l(4). What is the greatest common factor of 3 and v?
3
Let h = 149 + -131. Calculate the greatest common divisor of h and 63.
9
Let f(y) = y**2 - y + 2. Suppose -5*p - 16 = 9. Let k be f(p). Let m = 365 + -269. What is the highest common factor of m and k?
32
Suppose -5*s + 5*k = -30, k - 3*k - 2 = 0. Suppose -s*w + 48 = 8. Calculate the highest common factor of 2 and w.
2
Let w be 8 - 2 - 18*(-6 - -5). Calculate the highest common divisor of w and 204.
12
Let u be 12 - -8 - (-1 + 0). Let m = u - 15. Let y(j) = j**3 + 8*j**2 + 6*j - 5. Let k be y(-7). Calculate the highest common divisor of m and k.
2
Let b(t) = 7*t**2 - 17*t - 32. Let p be b(8). What is the highest common divisor of 84 and p?
28
Suppose -6496 = 11*p - 6551. Let c = 7 + -5. What is the highest common factor of p and c?
1
Let a be (-5 + 2)/((-4)/(736/12)). Calculate the highest common factor of 10 and a.
2
Suppose -31*b + 26*b + 240 = 5*j, -2*b + 5*j + 117 = 0. Calculate the highest common factor of 153 and b.
51
Let p(o) = -2*o**3 + 6*o**2 + 2*o - 2. Let g be p(3). Suppose 6*d = 9*d - 3, -g*d = n - 112. What is the highest common divisor of 12 and n?
12
Let k = 30 - 23. Let o(q) = q + 3. Let i be o(k). Let w(m) = -6*m - 4. Let b be w(-4). Calculate the greatest common divisor of b and i.
10
Suppose 17 = 4*y + 1. Let z be y + -2 + 3/1. Suppose -330 = -z*b + p, -5*b = -6*p + 2*p - 330. What is the highest common factor of b and 6?
6
Suppose -6 = -2*h + 4. Let l be (h/(-2))/((-15)/90). What is the greatest common divisor of 60 and l?
15
Let g = 167 - -31. What is the greatest common factor of g and 22?
22
Suppose 9*b + 17*b = 1196. What is the greatest common divisor of 69 and b?
23
Suppose -5*h - 4*q + 115 = 0, h - 24 = 26*q - 27*q. What is the greatest common divisor of h and 171?
19
Let r be (10/8)/(700/3360). Calculate the greatest common divisor of r and 93.
3
Let o = -5 + 3. Suppose -4*y + l = -0*y + 111, -4*y - 109 = -3*l. Let w = o - y. Calculate the highest common divisor of w and 65.
13
Let r be (-7)/28 + 11/(-4). Let y = 5 + r. Calculate the highest common factor of 5 and y.
1
Suppose 5*r - 111 - 79 = 0. Suppose 0 = -0*g - 3*g + 285. Calculate the greatest common factor of g and r.
19
Suppose s = 2*h - 23, s + 60 = 5*h - 2*s. Let i be 0 + 2 + 6 + -2. What is the greatest common factor of h and i?
3
Let v be ((-4)/(-6))/(20/750). Let s(b) = b**2 - 6*b + 15. Let i be s(5). Let l = v - i. Calculate the greatest common divisor of l and 15.
15
Let m be (-45)/18*(-1 + -9). Let c = 53 - m. Calculate the highest common factor of c and 308.
28
Let k(u) = -u**3 - 15*u**2 - 18*u - 2. Let j be k(-14). Let q(r) = r + 3. Let l be q(6). Calculate the greatest common factor of l and j.
9
Suppose 40 = 7*z + 5. Suppose -24 = -z*g + 31. What is the highest common factor of g and 33?
11
Let t(y) = -y**2 + 15*y - 3. Let m be t(13). Suppose -6*c + m = -5*c. Calculate the highest common divisor of 161 and c.
23
Suppose 4 = 8*v - 4. Let g(c) = 24*c**2 + c - 1. Let r be g(v). What is the highest common factor of 6 and r?
6
Let r be 6 + (117 + 10 - 5). What is the highest common factor of 176 and r?
16
Let k(j) = j**2 + j + 7. Let m be k(5). Calculate the highest common divisor of m and 407.
37
Let j be -3*(200/6)/(-4). Let x = j - 17. Calculate the highest common divisor of x and 2.
2
Let g be 2*(-21)/6*-2. Let t = g + -34. Let b = 40 + t. What is the greatest common divisor of 4 and b?
4
Let c(p) = -64*p**2 + 3*p + 5. Let d(r) = 32*r**2 - r - 2. Let t(n) = 2*c(n) + 5*d(n). Let u be t(2). Calculate the greatest common factor of 13 and u.
13
Suppose 5*b - 63 = 3*v, 3*b - 3*v - 29 = 10. What is the greatest common factor of b and 76?
4
Suppose 8 = m + 4*c + 7, -m + c + 11 = 0. Calculate the greatest common divisor of m and 45.
9
Suppose -4*l + 1088 = -4*m, -5*m + 14 = l - 276. Calculate the greatest common divisor of l and 25.
25
Suppose 2*w - 175 = -5*u, 0 = -3*w + 7*w - 5*u - 275. Suppose -w = -6*v + v. Suppose -18*t + v*t = -72. Calculate the highest common factor of t and 16.
8
Suppose 120 = -3*d - 0*d. Let p be (24/d)/(1/(-65)). What is the highest common divisor of p and 52?
13
Let x(j) = -j**2 - 4*j + 8. Let t be x(-4). Let w = -6 + t. Suppose 3*r = -5*q + 287, -q - 202 = -w*r + q. Calculate the highest common factor of r and 9.
9
Let h = 612 + -604. What is the highest common divisor of h and 92?
4
Suppose -41*f + 1440 = -33*f. What is the highest common divisor of f and 80?
20
Let s be (-14)/(9/(-9)*(-2)/(-8)). Calculate the highest common divisor of s and 2.
2
Let j(n) = -n + 25. Let b be j(14). Let o = -8 - -151. Calculate the highest common factor of b and o.
11
Let t = 275 - 256. What is the highest common divisor of t and 247?
19
Suppose 57*c = 52*c + 620. What is the greatest common divisor of 4 and c?
4
Let o = -1349 + 1484. Calculate the greatest common divisor of o and 6.
3
Let x = 1113 + -761. What is the highest common divisor of x and 64?
32
Let u be ((-10)/(-3))/((-196)/66 - -3). What is the greatest common divisor of 154 and u?
22
Let w = -546 - -589. Calculate the highest common factor of w and 1075.
43
Let f be (26 - 4)*1 - (-4)/2. Let o(t) = 11*t + 11. Let g be o(23). Calculate the greatest common divisor of g and f.
24
Suppose 158*h - 166*h = -80. Calculate the highest common divisor of h and 730.
10
Let l(r) = r**3 + 1. Let q be l(-1). Suppose 2*g - 4 + 0 = q. Let y = g - -32. What is the greatest common divisor of 51 and y?
17
Let p(s) = s**2 - 4*s - 24. Let r be p(-8). Suppose 74*f - r*f = 352. What is the greatest common divisor of f and 11?
11
Suppose -2*m + 60 = 67*x - 71*x, 0 = 4*x - 8. Calculate the greatest common 